 = -q*g + 7. Is g/(3/(942/4)) composite?
False
Let n be (-1 + -2)/((-9)/102). Suppose 4*q + 16 = 0, -4*r - 4*q + 2 = n. Is (2 - (-13)/r)*-12 prime?
False
Suppose 5*n + 9 = 4*i, -n + 4 = -i + 7. Is i/(-2) - (-268 - -2) prime?
True
Let y(t) = -t**2 - 8*t - 5. Is y(-5) a prime number?
False
Let r be (-1*2 + -1)/(-1). Suppose -2*n + r*h + h - 22 = 0, -3*h + 27 = -5*n. Let m(t) = -t**3 + t**2 + t + 2. Is m(n) a prime number?
False
Let l(p) = 2*p - 5. Let y be l(4). Suppose 2*m + 3*q - q - 76 = 0, -y*q - 166 = -5*m. Is m composite?
True
Suppose 2*s + 5 = 4*x + 3*s, -4*s = -5*x + 22. Suppose 0*m = -x*m - 4, 330 = 3*i + 3*m. Is (-2)/(-6) + i/6 a composite number?
False
Suppose 0 = 4*c - c + 15. Let a(r) = -r**3 - 4*r**2 + 4*r - 3. Let l be a(c). Suppose l*v = -v + 33. Is v composite?
False
Suppose -7*q + 5 = -6*q. Suppose -1243 = -q*t + 262. Is t a prime number?
False
Let v(u) = -u**3 - 4*u**2 - 5*u + 3. Let k(h) = -h + 6. Let b be k(3). Let o = b - 8. Is v(o) a composite number?
False
Let i(z) = -z**2 - 8*z - 5. Let o be i(-7). Suppose o*q + 3*q - 95 = 0. Is q prime?
True
Suppose 399 + 390 = 3*o. Is o a prime number?
True
Let p be -3*(-1)/(-3 + 4). Suppose 7*z - p*z - 196 = 0. Is z composite?
True
Let i = -37 - -25. Let j(c) = -c**3 - 12*c**2 - 7*c + 13. Is j(i) prime?
True
Let s = -6 + 10. Let l = s - -1. Suppose g - 15 = -4*m, -g = -3*m - l - 3. Is g composite?
False
Suppose 4*r + 2 = 22. Let m(b) = b**2 - 6*b + 5. Let l be m(r). Suppose 0 = -l*g - 5*g + 155. Is g composite?
False
Suppose -5*c + 4*d + 12 = -4, -2*c - 4*d = -12. Suppose 2*g - 1 = -5*o + 10, -o - c*g - 5 = 0. Is ((-3)/(-4))/(o/132) a prime number?
False
Let d be ((-4)/5)/((-2)/10). Is 885 + 0 + d + -2 a composite number?
False
Suppose k = 2*k - 2. Suppose -2*v = -k, 2*w - 5*v - 21 + 0 = 0. Is w a prime number?
True
Let u = -2 + 4. Let c(l) = 3*l**2 - l + 1. Is c(u) prime?
True
Suppose 5*s - 1388 = 707. Is s a composite number?
False
Let c = -4 + 1. Let p = c - -9. Suppose -4*r + p*r = 158. Is r composite?
False
Let k(z) = 3*z**2 - z - 3. Let b be k(-4). Let q(w) = 20*w**2 - 2. Let g be q(-2). Let h = g + b. Is h a composite number?
False
Suppose 522 = 5*q + q. Is q composite?
True
Suppose 5*q = -k - 22, -2*k - q + 4*q + 21 = 0. Suppose a = -k*v + 14, -4*a - 3 = -4*v + 5. Suppose -y + 35 = v*y. Is y a prime number?
True
Suppose -2*x + 4643 = 1525. Is x a composite number?
False
Let u = 2 + -5. Let f be 15/4 + u/4. Suppose f*d + 24 = 117. Is d a prime number?
True
Let k(p) = -86*p - 4. Let i be k(3). Suppose -2*b - 42 = b. Is (-2)/(-7) + i/b prime?
True
Let i = 3 - 1. Suppose 2*v = 5*v - i*s - 109, v - 34 = 3*s. Is v prime?
True
Let m(g) = 30*g**3 + 2*g + 1. Let r be m(-1). Let k = 4 + r. Is 2/(k/(-25) + -1) a composite number?
True
Suppose 0 = 3*p - 0*d + 4*d - 30, 4*p + 5*d = 39. Let s(t) be the first derivative of t**3/3 - 2*t**2 + 7*t + 16. Is s(p) a composite number?
False
Suppose -3*l + 31 - 10 = 0. Let g(w) = -w - 2. Let n be g(-2). Let t = n + l. Is t a composite number?
False
Let s(u) = -u**2 + 2*u. Let j be s(2). Let x = j - -5. Suppose -2*n - 3*f = -0*f - 38, -2*f = -n + x. Is n composite?
False
Let a(p) be the third derivative of 5/24*p**4 + 1/3*p**3 + 0 - p**2 + 0*p. Is a(7) prime?
True
Suppose -y + 536 = 126. Suppose -2*g + 0*g + y = -5*h, -g + 79 = -h. Is -1 - h/3*2 composite?
True
Is (-4)/6 - 622/(-6) a composite number?
False
Let h(s) = s**3 - 13*s**2 - 2*s - 7. Is h(14) composite?
True
Let f(s) = 8*s + 5. Is f(6) composite?
False
Suppose 0 = -4*u - y + 390, 3*u = 2*u + 5*y + 87. Suppose n - 15 = 3*d - 2, -5*n = d - u. Is n composite?
False
Is 3/5 + 2320/50 prime?
True
Let m be 52/6 - (-2)/6. Suppose 14 = 4*i + 2*a - 6, 3*i = -a + 16. Is m/(-6)*(-508)/i prime?
True
Suppose 8*m - 400 = 4*m. Suppose -2*v = -0*v - m. Suppose -8*s + 3*s = -v. Is s composite?
True
Suppose 0 = -3*n - 2*u + u + 18, 4*u = 2*n - 26. Suppose -200 - n = -3*a. Is a a composite number?
True
Let d(c) = -2*c - 10. Let h be d(-6). Suppose -h*z = -z - 397. Is z a prime number?
True
Let r(n) = 2*n**3 - 6*n**2 + 3*n + 2. Is r(7) a prime number?
False
Suppose -2*s = -t + 1134, -t - t = -4. Let v = s + 943. Is v a composite number?
True
Let j = 7 + -9. Let n be (-2 - (-2 + -5)) + j. Let c(t) = 5*t**3 - t**2 - 5*t + 4. Is c(n) a prime number?
False
Let y be 1 - (-2)/(-4)*-2. Suppose m - 5*i - 138 = -39, 0 = -y*m - 5*i + 168. Is m a prime number?
True
Let m = 301 - 174. Is m composite?
False
Suppose -2*x = -4*a + 7378, 0*a - 5*x + 5514 = 3*a. Is a prime?
False
Let r(j) = -j**3 - 8*j**2 + 16*j + 13. Is r(-10) prime?
True
Let p be 3 - 1 - 6*-1. Let y be 3/(-4)*(-4 + p). Is (-86)/(-4) - y/6 prime?
False
Let q = 39 + -9. Suppose -5*p = -3*p - q. Is p prime?
False
Let p = -8 + 8. Is (-56)/(-32)*(p + 20) a composite number?
True
Let i(n) = 4*n - 2*n - 1 + 0*n. Is i(8) composite?
True
Suppose 5*c = 5*y - 55, 0 = 3*y - 4*y + 5. Is 4/(-6) - 214/c a composite number?
True
Suppose 4*d = 0, 3*g - 1 = 5*d - 4. Let y(z) = -1152*z**3 + z. Is y(g) composite?
False
Let g = -422 + 628. Is 2/(4 - 6) + g composite?
True
Let u = -595 - -1040. Is u a prime number?
False
Let o(x) = 17*x**2 + 22*x + 14. Is o(-23) prime?
True
Suppose 5*b + 1745 = 5645. Suppose k - 577 = -3*d, b = -d + 5*d + 4*k. Is d a composite number?
False
Let l = 141 - 61. Is l + -1*(3 - 2) a composite number?
False
Suppose -3*d + 2*w = -7, -2*w - 3*w - 15 = -5*d. Suppose d = m + 12. Is 2/m + (-7022)/(-22) composite?
True
Let t(x) = 3*x - 4. Let j be t(3). Suppose -3 = -j*m + 2. Is ((-2)/5)/(m/(-15)) prime?
False
Let l(s) = 27*s - 2. Let x be l(-3). Let w = x + 169. Is w a prime number?
False
Suppose 3 = -0*f + f + 2*n, 2*f = -2*n + 8. Suppose -4*v = -g - 2 - 1, -2*v + f*g = -15. Is 1/(-2)*v + 163 composite?
False
Let d = -523 + 830. Is d a prime number?
True
Suppose 792 = 3*g + g. Suppose 2*w - 149 = -5*r + g, 2*w - 3*r - 339 = 0. Is 1/((0 + 3)/w) a prime number?
False
Suppose 0 = 3*c - 587 + 77. Let n = -24 + c. Is n a prime number?
False
Suppose -4*r + 26 = 2*d, 3*d - 5*r + 15 = 2*d. Suppose d*c = 3*c + 3*w + 60, -4*w + 8 = 0. Is c a prime number?
False
Suppose -6805 = -4*q - 1665. Is q prime?
False
Let k(d) = -78*d**3 - 1. Suppose 8 = 4*a - 2*z - z, 2*z = -8. Is k(a) a composite number?
True
Is 11193/33 + 2/(-11) a composite number?
True
Is (-12214)/(-30) - ((-188)/(-60) + -3) a prime number?
False
Suppose 5*g - 3*g - 5*h = 4086, 5*g + 4*h - 10281 = 0. Is g prime?
True
Suppose 5*t - 9 = -0*t - 3*z, 0 = 4*t + 4*z - 4. Let f = t + -2. Is f + (7 + 2 - -1) prime?
True
Let p(s) = -7 + s + 1 - 3*s - 2*s. Is p(-4) composite?
True
Suppose 0*w = 3*w - 435. Is w prime?
False
Let w(n) = 33*n**3. Suppose -5*j + 6 = 1. Let r be (j/2)/((-5)/(-10)). Is w(r) a prime number?
False
Let p = -6 + 6. Suppose p = 2*k - 3*m - 437, 5*k + 5*m + 381 - 1461 = 0. Suppose -3*n + 0*n - 4*y + 253 = 0, 5*y + k = 3*n. Is n composite?
False
Suppose 0 = 3*n - 1519 - 176. Is n composite?
True
Suppose -5*n = -n - 1392. Suppose 7*u - 4*u - n = 0. Let x = 165 - u. Is x a composite number?
True
Suppose -25 = -4*y + 11. Suppose 5*r + y = -6, 2*i + 2*r - 52 = 0. Suppose 5*c - i = 126. Is c a prime number?
True
Let r be 4/10 - 14240/(-25). Let n be r + 7 + 1 + 1. Suppose 5*z = 2*l + n, 3*z + 4*l - l - 339 = 0. Is z a composite number?
True
Let t be (0 - -1)/((-5)/(-45)). Let b = 103 - t. Is b a composite number?
True
Let j be (2 + 0)/(4/10). Suppose 2*q = -g + 3*q + 14, -65 = -j*g + 4*q. Suppose 4*r - g = 19. Is r a prime number?
True
Let m(w) be the third derivative of 337*w**5/30 + w**4/24 - w**3/3 - 4*w**2. Let j be m(2). Is j/40 + 2/(-5) a composite number?
False
Let k be -28*(3/6 + -1). Suppose -f + k = -33. Is f a composite number?
False
Suppose 0 = -v - v + 1886. Is v prime?
False
Let w be 41 - (0 - -1) - 3. Let s = 130 + w. Is s a prime number?
True
Let f(v) = v**3 + 12*v**2 + 4*v - 1. Let p be f(-10). Suppose -93 = -4*z + p. Suppose 2*k = -k + z. Is k a prime number?
False
Is ((-4)/(-6))/(-2 + (-696)/(-342)) prime?
True
Suppose 0 = z - 3 - 0. Suppose 3 = 2*s - 4*y + 1, 5*s + 5*y - 20 = 0. Suppose s*i - 67 - 53 = z*k, -15 = 3*k. Is i a composite number?
True
Suppose 0 = j + j - 102. Is j prime?
False
Let y(t) = -t**3 - 3*t**2 + 5*t + 6. Let z be y(-4). Let i be 2/9 - (-32)/18. Let d = i 